.
-5
Let g(a) = -174*a - 18730. What is g(-106)?
-286
Let a(d) = 2100*d + 233067. What is a(-111)?
-33
Let s(v) = -23264*v - 3140648. Determine s(-135).
-8
Let c(y) = 1577*y - 39129. Calculate c(26).
1873
Let j(z) = -z**2 + 6609*z - 340961. What is j(52)?
3
Let d(c) = -c**2 - 13087*c + 288385. What is d(22)?
-13
Let p(h) = 9*h**2 + 249*h + 162. What is p(-29)?
510
Let w(u) = -u**2 - 315*u - 682. Give w(-324).
-3598
Let c(h) = 109*h - 2591. What is c(20)?
-411
Let t(c) = 11*c**2 - 1375*c + 1293. Calculate t(125).
1293
Let a(u) = 2*u**3 + u**2 + 163*u + 596. What is a(-4)?
-168
Let r(t) = t**3 - 85*t**2 + 50*t + 3235. What is r(84)?
379
Let l(k) = k**3 - 98*k**2 + 2360*k + 140. Give l(43).
-75
Let y(k) = -7576*k + 204547. Calculate y(27).
-5
Let a(n) = -n**3 + 30*n**2 + 128*n - 2682. Determine a(32).
-634
Let p(j) = -102*j**3 - 3843*j - 3843. Calculate p(-1).
102
Let s(o) = o**3 + 25*o**2 + 90*o + 346. Calculate s(-4).
322
Let j(k) = 151481*k + 1060354. Calculate j(-7).
-13
Let d(y) = 3*y**3 - 31*y**2 - 9456*y + 103769. What is d(11)?
-5
Let y(r) = 6135*r - 631899. What is y(103)?
6
Let h(i) = 16154*i + 3004677. Give h(-186).
33
Let i(b) = -8*b**2 + 275*b + 3958. Determine i(-13).
-969
Let v(a) = 12508*a - 2113848. What is v(169)?
4
Let u(g) = -3*g**2 - 7*g - 444. Determine u(15).
-1224
Let s(m) = m**3 + 232*m**2 + 1249*m + 25847. Determine s(-227).
-31
Let o(n) = 122*n**2 + 10497*n + 179. Determine o(-86).
-251
Let k(b) = 168*b**2 - 19*b + 103. Calculate k(4).
2715
Let t(i) = 4*i**2 - 421*i - 602404. What is t(-339)?
-1
Let v(t) = 1835*t + 3325. Determine v(-2).
-345
Let k(a) = -a**3 + a**2 + 888*a - 110. Give k(-29).
-632
Let h(i) = -i**2 - 1393301*i - 11146365. Determine h(-8).
-21
Let a(w) = -19940*w - 119640. Calculate a(-6).
0
Let h(n) = -530*n**3 + 5312*n**2 - 120*n + 13. Calculate h(10).
13
Let j(g) = -2*g**2 - 751*g - 7031. Calculate j(-9).
-434
Let j(q) = -132566*q - 2253633. Calculate j(-17).
-11
Let l(n) = 17*n**2 - 147*n + 27. What is l(12)?
711
Let o(q) = 3043*q - 386420. Calculate o(127).
41
Let t(c) = 3*c**3 - 44*c**2 + 68*c + 27. Calculate t(13).
66
Let n(u) = 29*u**3 + 41*u**2 - 25*u + 15. What is n(-2)?
-3
Let i(u) = -16*u**2 - 3465*u - 33055. Give i(-10).
-5
Let n(u) = 11*u**2 - 897*u + 11543. What is n(16)?
7
Let z(d) = -8923*d + 222912. Determine z(25).
-163
Let v(u) = 7*u**2 + 74*u - 42. Give v(-12).
78
Let b(d) = d**2 + 4124*d + 596091. Determine b(-150).
-9
Let s(p) = -p**3 + 80*p**2 + 52*p + 16476. Calculate s(83).
125
Let o(g) = 11*g**2 + 55*g - 1054. Calculate o(-18).
1520
Let h(b) = -b**3 + 39*b**2 + 179*b + 1459. Determine h(43).
1760
Let t(b) = -8*b**3 - 3*b**2 - 13*b - 21. Give t(-4).
495
Let j(k) = 41*k**2 - 216*k - 206. Determine j(-1).
51
Let q(u) = 1410*u - 215746. Give q(153).
-16
Let k(q) = 71337*q + 356973. Determine k(-5).
288
Let t(c) = 3*c**3 - 122*c**2 + 65*c + 398. What is t(40)?
-202
Let j(m) = 23*m**2 - 83*m + 85. Determine j(6).
415
Let j(t) = -3359*t - 114194. Give j(-34).
12
Let u(w) = -19*w**3 + 79*w**2 - 200*w - 20. Give u(3).
-422
Let i(o) = o**2 + 678*o - 13408. What is i(19)?
-165
Let c(h) = 1008*h - 2635. Calculate c(3).
389
Let t(k) = -8*k**3 + 43*k**2 - 1940*k + 9534. Determine t(5).
-91
Let k(m) = -16*m**2 - 1461*m - 5806. Determine k(-4).
-218
Let y(l) = -l**3 - 42*l**2 + 4*l - 5790. Give y(-45).
105
Let k(n) = n**2 - 363*n - 20035. Determine k(-49).
153
Let z(g) = 2*g**3 + 11*g**2 - 293*g - 2401. Determine z(-10).
-371
Let p(y) = 2*y**2 + 34*y - 28934. What is p(111)?
-518
Let b(u) = 2*u**2 + 297*u + 8282. Give b(-39).
-259
Let l(k) = 499*k + 118593. Determine l(-238).
-169
Let m(u) = 2*u**3 - 352*u**2 + 334*u + 3816. What is m(175)?
1016
Let c(x) = -18*x**3 + 185*x**2 - 204*x - 42. Calculate c(9).
-15
Let x(t) = -t**2 - 6541*t - 3745041. Determine x(-634).
-3
Let z(n) = n**3 + 106*n**2 - 3118*n - 222. What is z(-130)?
-482
Let a(c) = 2003*c**2 + 54077*c - 96. Determine a(-27).
12
Let d(x) = -993597*x + 3974386. Give d(4).
-2
Let i(h) = 20*h**2 + 777*h - 11143. What is i(-50)?
7
Let o(p) = -p**3 + 5*p**2 + 2079*p - 548. Determine o(48).
172
Let q(b) = 288872*b - 3177589. Give q(11).
3
Let w(s) = -4*s**2 - 16265*s + 16264. Calculate w(1).
-5
Let n(o) = -94*o**2 - 3478*o + 41. What is n(-37)?
41
Let s(b) = 6*b**3 - 125*b**2 + 85*b + 306. What is s(20)?
6
Let a(i) = -45*i**2 + 451*i + 26. What is a(11)?
-458
Let y(l) = l**3 - 15*l**2 + 70*l - 298. Calculate y(10).
-98
Let t(s) = 6015*s + 547531. What is t(-91)?
166
Let a(i) = 352189*i - 1408780. Determine a(4).
-24
Let c(y) = -27*y**2 + 187*y - 64. Give c(12).
-1708
Let j(d) = d**3 + 145*d**2 - 991*d - 98. Give j(7).
413
Let g(a) = -a**3 + 36*a**2 + 1703*a + 50. Calculate g(-27).
-4
Let z(o) = 2*o**3 - 4873*o**2 - 53797*o + 542. What is z(-11)?
14
Let l(c) = 54584*c - 491252. Give l(9).
4
Let h(v) = 2*v**2 - 208143*v + 2289336. What is h(11)?
5
Let b(q) = 28*q**2 + 70*q - 324. Determine b(4).
404
Let q(r) = -2*r**2 - 348*r - 5992. What is q(-19)?
-102
Let y(l) = -l**2 - 2328*l + 63706. Calculate y(27).
121
Let u(m) = -6*m**3 + 33*m**2 + 16*m + 40. Determine u(-6).
2428
Let l(b) = -10*b**3 + 1787*b**2 - 1249*b + 593. Calculate l(178).
59
Let t(w) = -1617*w + 37450. What is t(23)?
259
Let l(k) = k**2 - 3715*k - 74731. Calculate l(-20).
-31
Let v(t) = 48*t**2 + 4671*t + 1448. What is v(-97)?
-7
Let a(s) = 4*s**3 - 779*s**2 - 1577*s - 5. Give a(-2).
1
Let i(b) = b**3 - 12*b**2 - 2212*b + 15648. Give i(7).
-81
Let v(n) = -3*n**2 - 167*n - 737. Calculate v(-51).
-23
Let o(h) = -h**3 + 493*h**2 - 11691*h - 4642. Determine o(468).
-430
Let x(m) = m**3 + 39*m**2 - m - 252. Determine x(0).
-252
Let d(n) = -5*n**3 - 344*n**2 + 75*n + 392. Determine d(-69).
-22
Let s(u) = -512*u + 35868. Calculate s(70).
28
Let b(v) = -v**3 - 222*v**2 - 8599*v + 198. Determine b(-172).
26
Let u(x) = x**3 + 41*x**2 + 221*x + 8585. Give u(-40).
1345
Let u(y) = 121*y**2 - 3572*y + 7144. What is u(2)?
484
Let z(s) = -9*s**2 + 24*s + 30515. What is z(-57)?
-94
Let f(v) = -7584*v**2 + 159262*v + 45. What is f(21)?
3
Let t(i) = -i**3 + 9*i**2 + 14*i - 152. Give t(15).
-1292
Let s(p) = 4*p**3 - 55*p**2 - 138*p + 1394. Give s(13).
-907
Let z(a) = a**3 - 29*a**2 - 39*a - 898. Determine z(31).
-185
Let y(n) = -112*n + 30603. What is y(273)?
27
Let q(u) = -501*u**2 - 15151*u - 3590. Give q(-30).
40
Let t(f) = -10786*f - 7463910. Determine t(-692).
2
Let c(k) = -2932688*k + 5865382. What is c(2)?
6
Let v(k) = -2*k**3 - 90*k**2 - 176*k - 254. Give v(-43).
-82
Let m(b) = -4929*b + 43676. Determine m(9).
-685
Let f(r) = -3361*r - 43908. Calculate f(-13).
-215
Let o(k) = -1493*k + 2866. Calculate o(2).
-120
Let o(c) = c**3 - 27*c**2 - 133*c + 115. Determine o(29).
-2060
Let i(o) = -13*o**2 - 20645*o + 61924. Calculate i(3).
-128
Let c(j) = -17*j**2 - 41*j + 85. Calculate c(-10).
-1205
Let h(t) = 716*t + 449644. Determine h(-628).
-4
Let m(y) = 122*y + 15062. Determine m(-127).
-432
Let z(h) = -h**2 + 1779*h - 103068. What is z(60)?
72
Let t(z) = -2*z**2 - 1570*z - 135833. Give t(-99).
-5
Let q(v) = 118*v**2 + 664*v + 2040. Calculate q(-3).
1110
Let d(w) = -2*w**3 + 97*w**2 + 364*w - 10720. Determine d(50).
-20
Let x(r) = r**2 + 126*r + 5684. Give x(-61).
1719
Let z(b) = -2784*b + 22744. Calculate z(8).
472
Let v(z) = z**3 + 368*z**2 + 7926*z - 338. Calculate v(-23).
-131
Let c(g) = g**3 - 108*g**2 - 4140*g + 18. Give c(138).
18
Let r(v) = -3*v**3 + 44*v**2 + 6091*v - 74265. Give r(12).
-21
Let r(s) = s**3 - 172*s**2 - 176*s - 13. What is r(173)?
-532
Let d(r) = 17399*r - 52133. What is d(3)?
64
Let v(n) = n**2 - 1186*n - 57963. What is v(-47)?
-12
Let l(q) = -2*q**3 - 6*q**2 + 84*q - 128. Give l(2).
0
Let x(w) = 519969*w + 2599789. What is x(-5)?
-56
Let h(q) = q**3 - 56*q**2 + 10112*q - 96521. What is h(10)?
-1
Let f(c) = 55*c**2 - 1484*c - 56. Give f(27).
-29
Let j(n) = n**3 - 56*n**2 + 34*n + 53. What is j(55)?
-1102
Let z(s) = s**3 - 24*s**2 - 10*s + 1424. Determine z(22).
236
Let i(f) = 20*f**2 - 23516*f - 51836. Determine i(1178).
-4
Let y(r) = -8*r**3 + 47*r**2 + 483*r - 2429. Calculate y(5).
161
Let u(v) = -182*v**3 + 117*v**2 + 126*v + 10. What is u(-1)?
183
Let m(j) = 10*j**3 + 551*j**2 + 57*j + 124. Calculate m(-55).
14
Let b(t) = 2342*t - 241341. Determine b(103).
-11